
False
Is 1790463 a composite number?
True
Is 10511 a composite number?
True
Is 11141 a prime number?
False
Is 30691 composite?
True
Is 724303 a composite number?
False
Is 2435 prime?
False
Is 79907 a composite number?
False
Is 705779 prime?
True
Is 62549 a prime number?
True
Is 13739 prime?
False
Is 336929 composite?
False
Is 3359 a prime number?
True
Is 20593 composite?
False
Is 146915 prime?
False
Is 1130621 composite?
False
Is 16979 a composite number?
False
Is 5557 prime?
True
Is 228013 a prime number?
True
Is 56759 a prime number?
False
Is 6779 a prime number?
True
Is 907 composite?
False
Is 68863 composite?
False
Is 4513 prime?
True
Is 651587 composite?
False
Is 249539 prime?
True
Is 7559 a prime number?
True
Is 238079 a prime number?
True
Is 119359 composite?
False
Is 565549 a composite number?
False
Is 77317 prime?
True
Is 1706135 a prime number?
False
Is 2923 a prime number?
False
Is 4861 prime?
True
Is 14981 a composite number?
True
Is 26897 a composite number?
True
Is 1138127 prime?
True
Is 93221 composite?
True
Is 7403 prime?
False
Is 104201 composite?
True
Is 45831 prime?
False
Is 1013429 a prime number?
True
Is 15187 composite?
False
Is 106921 prime?
True
Is 409 composite?
False
Is 3603481 prime?
False
Is 14503 a composite number?
False
Is 12262 a composite number?
True
Is 122749 composite?
True
Is 2153 a prime number?
True
Is 679 a composite number?
True
Is 80071 a prime number?
True
Is 4485191 a composite number?
False
Is 56969 a composite number?
True
Is 2631133 prime?
True
Is 5969 a composite number?
True
Is 10259 a composite number?
False
Is 23789 a composite number?
False
Is 11971 composite?
False
Is 215157 prime?
False
Is 78539 prime?
True
Is 29453 composite?
False
Is 16837 a prime number?
False
Is 192737 a prime number?
True
Is 20707 a composite number?
False
Is 103127 prime?
False
Is 18517 composite?
False
Is 135741 a composite number?
True
Is 757 a composite number?
False
Is 341141 prime?
True
Is 30679 a prime number?
False
Is 88993 composite?
False
Is 839 prime?
True
Is 31307 a prime number?
True
Is 21779 composite?
True
Is 253 composite?
True
Is 341035 a composite number?
True
Is 23099 prime?
True
Is 153473 a composite number?
True
Is 49963 prime?
False
Is 1117 a composite number?
False
Is 33298 prime?
False
Is 358823 prime?
False
Is 1195607 a prime number?
False
Is 115219 a composite number?
True
Is 100609 composite?
False
Is 22507 a composite number?
True
Is 1679 prime?
False
Is 5623 prime?
True
Is 5077 a composite number?
False
Is 21241 a prime number?
False
Is 11185 a composite number?
True
Is 24439 prime?
True
Is 3901 composite?
True
Is 2051 composite?
True
Is 14923 composite?
False
Is 217661 composite?
False
Is 90821 composite?
False
Is 6523 a composite number?
True
Is 27479 a composite number?
False
Is 14503 a prime number?
True
Is 51217 composite?
False
Is 139835 a prime number?
False
Is 27329 composite?
False
Is 6247 a composite number?
False
Is 39629 composite?
True
Is 1120187 a prime number?
True
Is 100733 composite?
False
Is 86311 a composite number?
False
Is 173051 composite?
True
Is 13649 prime?
True
Is 287563 composite?
True
Is 121297 prime?
False
Is 8803 prime?
True
Is 110411 a composite number?
True
Is 21635 prime?
False
Is 1946257 prime?
True
Is 11903 composite?
False
Is 21343 a prime number?
False
Is 483427 prime?
False
Is 25381 a prime number?
False
Is 22285 a prime number?
False
Is 893 a prime number?
False
Is 11443 a composite number?
False
Is 50171 a prime number?
False
Is 171263 prime?
True
Is 3491 prime?
True
Is 291457 composite?
False
Is 679391 composite?
True
Is 14957 composite?
False
Is 2123879 a composite number?
False
Is 159037 prime?
False
Is 55001 composite?
False
Is 45233 a composite number?
False
Is 26213 a composite number?
True
Is 951929 a composite number?
True
Is 94559 a prime number?
True
Is 16283 a composite number?
True
Is 2773 composite?
True
Is 2323 a prime number?
False
Is 8741 a composite number?
False
Is 3012113 prime?
False
Is 3209761 a composite number?
False
Is 16706 composite?
True
Is 68071 a composite number?
False
Is 2777 prime?
True
Is 2923961 composite?
False
Is 18622 composite?
True
Is 250877 a prime number?
False
Is 2603 composite?
True
Is 1563 a prime number?
False
Is 14387 prime?
True
Is 32771 a prime number?
True
Is 1105501 a composite number?
False
Is 7753 a prime number?
True
Is 15517 a composite number?
True
Is 16597 composite?
True
Is 793529 a prime number?
False
Is 17194 a composite number?
True
Is 481433 prime?
True
Is 566045 a prime number?
False
Is 134581 composite?
False
Is 19697 prime?
True
Is 53891 prime?
True
Is 1211 prime?
False
Is 84291 composite?
True
Is 66077 composite?
True
Is 21647 composite?
False
Is 12745 a prime number?
False
Is 380363 composite?
False
Is 2166913 prime?
False
Is 149333 prime?
True
Is 11759 composite?
True
Is 165439 prime?
False
Is 4499 a composite number?
True
Is 4691 a prime number?
True
Is 340811 prime?
True
Is 393311 a composite number?
False
Is 1201 composite?
False
Is 16771 a prime number?
False
Is 3385987 a composite number?
True
Is 8749 prime?
False
Is 1783 prime?
True
Is 7331 a composite number?
False
Is 1184467 prime?
False
Is 1803149 a composite number?
False
Is 3719 a prime number?
True
Is 539141 a composite number?
False
Is 110117 a composite number?
True
Is 6623 a composite number?
True
Is 12223 a composite number?
True
Is 754573 prime?
True
Is 18839 a prime number?
True
Is 64373 a prime number?
True
Is 5045 prime?
False
Is 551939 a composite number?
True
Is 3443 a prime number?
False
Is 68711 a composite number?
False
Is 15931 prime?
False
Is 34581 prime?
False
Is 1622 a composite number?
True
Is 660703 prime?
False
Is 80243 prime?
False
Is 743321 prime?
True
Is 80641 a composite number?
True
Is 61627 prime?
True
Is 90353 composite?
False
Is 179497 a prime number?
True
Is 21059 composite?
False
Is 310637 composite?
True
Is 152069 composite?
True
Is 20537 a prime number?
False
Is 11467 a prime number?
True
Is 62681 a prime number?
False
Is 7229 composite?
False
Is 3583535 a composite number?
True
Is 86753 composite?
False
Is 298153 composite?
False
Is 8941 a prime number?
True
Is 392011 a prime number?
True
Is 907 composite?
False
Is 112181 prime?
True
Is 63929 composite?
False
Is 102859 a composite number?
False
Is 17089 a composite number?
True
Is 3337 composite?
True
Is 7827 a composite number?
True
Is 28321 a prime number?
False
Is 104791 prime?
False
Is 2327 composite?
True
Is 75706 composite?
True
Is 244193 composite?
True
Is 329347 a composite number?
False
Is 16771 composite?
True
Is 39791 a prime number?
True
Is 4007 composite?
False
Is 4049 prime?
True
Is 38821 a composite number?
False
Is 5599 composite?
True
Is 27238 prime?
False
Is 3110399 a composite number?
False
Is 116507 composite?
False
Is 7949 a composite number?
False
Is 89561 prime?
True
Is 127847 a prime number?
False
Is 167309 composite?
False
Is 54311 prime?
True
Is 69307 a composite number?
True
Is 6863 prime?
True
Is 30029 prime?
True
Is 545567 prime?
False
Is 7985 a composite number?
True
Is 13859 a prime number?
True
Is 236699 a prime number?
True
Is 23354 a composite number?
True
Is 40609 prime?
True
Is 1517 prime?
False
Is 279883 composite?
False
Is 18371 composite?
False
Is 1801 a composite number?
False
Is 7295 a prime number?
False
Is 1864039 prime?
True
Is 1934 a composite number?
True
Is 1351353 a composite number?
True
Is 67801 prime?
True
Is 311741 a composite number?
True
Is 7517 prime?
True
Is 13061 composite?
True
Is 91231 a composite number?
True
Is 1259 a composite number?
False
Is 85055 a prime number?
False
Is 290363 a composite number?
True
Is 5197 prime?
True
Is 6599 a composite number?
False
Is 9411 a prime number?
False
Is 371729 a prime number?
False
Is 15259 a composite number?
False
Is 4321 prime?
False
Is 11579 prime?
True
Is 433427 a prime number?
False
Is 14387 a prime number?
True
Is 25649 prime?
False
Is 89779 a prime number?
True
Is 41807 a prime number?
False
Is 10007 a composite number?
False
Is 166789 composite?
True
Is 189806 a prime number?
False
Is 160135 a prime number?
False
Is 99685 a composite number?
True
Is 1009559 a prime number?
True
Is 2179 prime?
True
Is 4609 a composite number?
Tru